[INFO] cloning repository https://github.com/Thomas-QM/rANdomcAP
[INFO] running `Command { std: "git" "-c" "credential.helper=" "-c" "credential.helper=/workspace/cargo-home/bin/git-credential-null" "clone" "--bare" "https://github.com/Thomas-QM/rANdomcAP" "/workspace/cache/git-repos/https%3A%2F%2Fgithub.com%2FThomas-QM%2FrANdomcAP", kill_on_drop: false }`
[INFO] [stderr] Cloning into bare repository '/workspace/cache/git-repos/https%3A%2F%2Fgithub.com%2FThomas-QM%2FrANdomcAP'...
[INFO] running `Command { std: "git" "rev-parse" "HEAD", kill_on_drop: false }`
[INFO] [stdout] 6c8e1d55448fdd0d80b99efbce7692e9a1053437
[INFO] checking Thomas-QM/rANdomcAP against master#e6e4f7ed1589e03bc2f6c5931c1a72e7947e8682 for beta-170-4
[INFO] running `Command { std: "git" "clone" "/workspace/cache/git-repos/https%3A%2F%2Fgithub.com%2FThomas-QM%2FrANdomcAP" "/workspace/builds/worker-5-tc2/source", kill_on_drop: false }`
[INFO] [stderr] Cloning into '/workspace/builds/worker-5-tc2/source'...
[INFO] [stderr] done.
[INFO] validating manifest of git repo https://github.com/Thomas-QM/rANdomcAP on toolchain e6e4f7ed1589e03bc2f6c5931c1a72e7947e8682
[INFO] running `Command { std: CARGO_HOME="/workspace/cargo-home" RUSTUP_HOME="/workspace/rustup-home" "/workspace/cargo-home/bin/cargo" "+e6e4f7ed1589e03bc2f6c5931c1a72e7947e8682" "metadata" "--manifest-path" "Cargo.toml" "--no-deps", kill_on_drop: false }`
[INFO] started tweaking git repo https://github.com/Thomas-QM/rANdomcAP
[INFO] finished tweaking git repo https://github.com/Thomas-QM/rANdomcAP
[INFO] tweaked toml for git repo https://github.com/Thomas-QM/rANdomcAP written to /workspace/builds/worker-5-tc2/source/Cargo.toml
[INFO] crate git repo https://github.com/Thomas-QM/rANdomcAP already has a lockfile, it will not be regenerated
[INFO] running `Command { std: CARGO_HOME="/workspace/cargo-home" RUSTUP_HOME="/workspace/rustup-home" "/workspace/cargo-home/bin/cargo" "+e6e4f7ed1589e03bc2f6c5931c1a72e7947e8682" "fetch" "--manifest-path" "Cargo.toml", kill_on_drop: false }`
[INFO] running `Command { std: "docker" "create" "-v" "/var/lib/crater-agent-workspace/builds/worker-5-tc2/target:/opt/rustwide/target:rw,Z" "-v" "/var/lib/crater-agent-workspace/builds/worker-5-tc2/source:/opt/rustwide/workdir:ro,Z" "-v" "/var/lib/crater-agent-workspace/cargo-home:/opt/rustwide/cargo-home:ro,Z" "-v" "/var/lib/crater-agent-workspace/rustup-home:/opt/rustwide/rustup-home:ro,Z" "-e" "SOURCE_DIR=/opt/rustwide/workdir" "-e" "CARGO_TARGET_DIR=/opt/rustwide/target" "-e" "CARGO_HOME=/opt/rustwide/cargo-home" "-e" "RUSTUP_HOME=/opt/rustwide/rustup-home" "-w" "/opt/rustwide/workdir" "-m" "1610612736" "--user" "0:0" "--network" "none" "ghcr.io/rust-lang/crates-build-env/linux@sha256:19e73879b68f455e41552ea35293514db52ea292d993f571636dbffedb77a1ee" "/opt/rustwide/cargo-home/bin/cargo" "+e6e4f7ed1589e03bc2f6c5931c1a72e7947e8682" "metadata" "--no-deps" "--format-version=1", kill_on_drop: false }`
[INFO] [stdout] 49906e85d977b059a106c57ad0a301562ea95774718bb938eb79073ee48e63bb
[INFO] running `Command { std: "docker" "start" "-a" "49906e85d977b059a106c57ad0a301562ea95774718bb938eb79073ee48e63bb", kill_on_drop: false }`
[INFO] running `Command { std: "docker" "inspect" "49906e85d977b059a106c57ad0a301562ea95774718bb938eb79073ee48e63bb", kill_on_drop: false }`
[INFO] running `Command { std: "docker" "rm" "-f" "49906e85d977b059a106c57ad0a301562ea95774718bb938eb79073ee48e63bb", kill_on_drop: false }`
[INFO] [stdout] 49906e85d977b059a106c57ad0a301562ea95774718bb938eb79073ee48e63bb
[INFO] running `Command { std: "docker" "create" "-v" "/var/lib/crater-agent-workspace/builds/worker-5-tc2/target:/opt/rustwide/target:rw,Z" "-v" "/var/lib/crater-agent-workspace/builds/worker-5-tc2/source:/opt/rustwide/workdir:ro,Z" "-v" "/var/lib/crater-agent-workspace/cargo-home:/opt/rustwide/cargo-home:ro,Z" "-v" "/var/lib/crater-agent-workspace/rustup-home:/opt/rustwide/rustup-home:ro,Z" "-e" "SOURCE_DIR=/opt/rustwide/workdir" "-e" "CARGO_TARGET_DIR=/opt/rustwide/target" "-e" "CARGO_INCREMENTAL=0" "-e" "RUST_BACKTRACE=full" "-e" "RUSTFLAGS=--cap-lints=forbid" "-e" "RUSTDOCFLAGS=--cap-lints=forbid" "-e" "CARGO_HOME=/opt/rustwide/cargo-home" "-e" "RUSTUP_HOME=/opt/rustwide/rustup-home" "-w" "/opt/rustwide/workdir" "-m" "1610612736" "--user" "0:0" "--network" "none" "ghcr.io/rust-lang/crates-build-env/linux@sha256:19e73879b68f455e41552ea35293514db52ea292d993f571636dbffedb77a1ee" "/opt/rustwide/cargo-home/bin/cargo" "+e6e4f7ed1589e03bc2f6c5931c1a72e7947e8682" "check" "--frozen" "--all" "--all-targets" "--message-format=json", kill_on_drop: false }`
[INFO] [stdout] 2c626a9171699dbf08fd73dea81ba770b6ae5ddcb45ec34d8c9711e9ba5a058d
[INFO] running `Command { std: "docker" "start" "-a" "2c626a9171699dbf08fd73dea81ba770b6ae5ddcb45ec34d8c9711e9ba5a058d", kill_on_drop: false }`
[INFO] [stderr]    Compiling pkg-config v0.3.14
[INFO] [stderr]    Compiling libc v0.2.43
[INFO] [stderr]    Compiling version_check v0.1.5
[INFO] [stderr]    Compiling num-traits v0.2.6
[INFO] [stderr]     Checking bitflags v1.0.4
[INFO] [stderr]    Compiling cfg-if v0.1.6
[INFO] [stderr]    Compiling rand_core v0.3.0
[INFO] [stderr]    Compiling siphasher v0.2.3
[INFO] [stderr]    Compiling rustc-serialize v0.3.24
[INFO] [stderr]    Compiling term v0.4.6
[INFO] [stderr]    Compiling bitflags v0.7.0
[INFO] [stderr]    Compiling unicode-xid v0.0.4
[INFO] [stderr]    Compiling serde v0.9.15
[INFO] [stderr]    Compiling itoa v0.3.4
[INFO] [stderr]    Compiling dtoa v0.4.3
[INFO] [stderr]    Compiling log v0.4.6
[INFO] [stderr]    Compiling regex v0.2.11
[INFO] [stderr]    Compiling glob v0.2.11
[INFO] [stderr]    Compiling ucd-util v0.1.2
[INFO] [stderr]    Compiling lazy_static v0.2.11
[INFO] [stderr]    Compiling unicode-width v0.1.5
[INFO] [stderr]    Compiling log v0.3.9
[INFO] [stderr]    Compiling rand_core v0.2.2
[INFO] [stderr]    Compiling phf_shared v0.7.23
[INFO] [stderr]    Compiling regex-syntax v0.5.6
[INFO] [stderr]    Compiling utf8-ranges v1.0.2
[INFO] [stderr]    Compiling lazy_static v1.1.0
[INFO] [stderr]    Compiling phf v0.7.23
[INFO] [stderr]    Compiling memchr v2.1.1
[INFO] [stderr]     Checking nodrop v0.1.12
[INFO] [stderr]    Compiling textwrap v0.10.0
[INFO] [stderr]    Compiling rand v0.5.5
[INFO] [stderr]    Compiling memchr v1.0.2
[INFO] [stderr]     Checking arrayvec v0.4.7
[INFO] [stderr]    Compiling atty v0.2.11
[INFO] [stderr]     Checking crossbeam-utils v0.2.2
[INFO] [stderr]    Compiling glib-sys v0.6.0
[INFO] [stderr]    Compiling gobject-sys v0.6.0
[INFO] [stderr]    Compiling gio-sys v0.6.0
[INFO] [stderr]    Compiling cairo-sys-rs v0.6.0
[INFO] [stderr]    Compiling gdk-pixbuf-sys v0.6.0
[INFO] [stderr]    Compiling pango-sys v0.6.0
[INFO] [stderr]    Compiling gdk-sys v0.6.0
[INFO] [stderr]    Compiling atk-sys v0.6.0
[INFO] [stderr]    Compiling clang-sys v0.14.1
[INFO] [stderr]    Compiling gtk-sys v0.6.0
[INFO] [stderr]    Compiling nom v3.2.1
[INFO] [stderr]    Compiling thread_local v0.3.6
[INFO] [stderr]    Compiling proc-macro2 v0.4.20
[INFO] [stderr]     Checking scopeguard v0.3.3
[INFO] [stderr]    Compiling aho-corasick v0.6.9
[INFO] [stderr]    Compiling strsim v0.7.0
[INFO] [stderr]    Compiling ansi_term v0.11.0
[INFO] [stderr]    Compiling num-traits v0.1.43
[INFO] [stderr]     Checking memoffset v0.2.1
[INFO] [stderr]    Compiling rayon-core v1.4.1
[INFO] [stderr]    Compiling phf_generator v0.7.23
[INFO] [stderr]    Compiling num-integer v0.1.39
[INFO] [stderr]    Compiling phf_codegen v0.7.23
[INFO] [stderr]    Compiling vec_map v0.8.1
[INFO] [stderr]    Compiling gio v0.4.1
[INFO] [stderr]     Checking crossbeam-epoch v0.3.1
[INFO] [stderr]    Compiling unicode-xid v0.1.0
[INFO] [stderr]    Compiling gdk-pixbuf v0.4.0
[INFO] [stderr]    Compiling cairo-rs v0.4.1
[INFO] [stderr]    Compiling clap v2.32.0
[INFO] [stderr]     Checking num_cpus v1.8.0
[INFO] [stderr]     Checking crossbeam-deque v0.2.0
[INFO] [stderr]     Checking c_vec v1.3.2
[INFO] [stderr]    Compiling gdk v0.8.0
[INFO] [stderr]    Compiling target_build_utils v0.3.1
[INFO] [stderr]    Compiling num-iter v0.1.37
[INFO] [stderr]     Checking byteorder v1.2.7
[INFO] [stderr]    Compiling rayon v1.0.2
[INFO] [stderr]     Checking adler32 v1.0.3
[INFO] [stderr]    Compiling cexpr v0.2.3
[INFO] [stderr]    Compiling num-derive v0.2.3
[INFO] [stderr]    Compiling syntex_pos v0.54.0
[INFO] [stderr]    Compiling quote v0.6.9
[INFO] [stderr]    Compiling syntex_errors v0.54.0
[INFO] [stderr]    Compiling gtk v0.4.1
[INFO] [stderr]    Compiling serde_json v0.9.10
[INFO] [stderr]     Checking either v1.5.0
[INFO] [stderr]    Compiling syn v0.15.15
[INFO] [stderr]     Checking deflate v0.7.19
[INFO] [stderr]     Checking inflate v0.4.3
[INFO] [stderr]    Compiling x11 v2.18.1
[INFO] [stderr]     Checking color_quant v1.0.1
[INFO] [stderr]    Compiling syntex_syntax v0.54.0
[INFO] [stderr]     Checking glib v0.5.0
[INFO] [stderr]     Checking lzw v0.10.0
[INFO] [stderr]     Checking png v0.12.0
[INFO] [stderr]     Checking gif v0.10.1
[INFO] [stderr]     Checking num-rational v0.1.42
[INFO] [stderr]    Compiling autopilot v0.1.8
[INFO] [stderr]     Checking scoped_threadpool v0.1.9
[INFO] [stderr]     Checking rand v0.4.3
[INFO] [stderr]     Checking multiinput v0.0.14
[INFO] [stdout] error[E0463]: can't find crate for `winapi`
[INFO] [stdout]   --> /opt/rustwide/cargo-home/registry/src/index.crates.io-6f17d22bba15001f/multiinput-0.0.14/src/lib.rs:30:1
[INFO] [stdout]    |
[INFO] [stdout] 30 | extern crate winapi;
[INFO] [stdout]    | ^^^^^^^^^^^^^^^^^^^^ can't find crate
[INFO] [stdout] 
[INFO] [stdout] 
[INFO] [stdout] error[E0433]: failed to resolve: could not find `windows` in `os`
[INFO] [stdout]   --> /opt/rustwide/cargo-home/registry/src/index.crates.io-6f17d22bba15001f/multiinput-0.0.14/src/rawinput.rs:16:14
[INFO] [stdout]    |
[INFO] [stdout] 16 | use std::os::windows::ffi::OsStringExt;
[INFO] [stdout]    |              ^^^^^^^ could not find `windows` in `os`
[INFO] [stdout] 
[INFO] [stdout] 
[INFO] [stdout] error[E0433]: failed to resolve: could not find `windows` in `os`
[INFO] [stdout]   --> /opt/rustwide/cargo-home/registry/src/index.crates.io-6f17d22bba15001f/multiinput-0.0.14/src/rawinput.rs:18:14
[INFO] [stdout]    |
[INFO] [stdout] 18 | use std::os::windows::ffi::OsStrExt;
[INFO] [stdout]    |              ^^^^^^^ could not find `windows` in `os`
[INFO] [stdout] 
[INFO] [stdout] 
[INFO] [stdout] error[E0433]: failed to resolve: could not find `windows` in `os`
[INFO] [stdout]   --> /opt/rustwide/cargo-home/registry/src/index.crates.io-6f17d22bba15001f/multiinput-0.0.14/src/manager.rs:14:14
[INFO] [stdout]    |
[INFO] [stdout] 14 | use std::os::windows::ffi::OsStrExt;
[INFO] [stdout]    |              ^^^^^^^ could not find `windows` in `os`
[INFO] [stdout] 
[INFO] [stdout] 
[INFO] [stdout] error[E0412]: cannot find type `RAWKEYBOARD` in this scope
[INFO] [stdout]   --> /opt/rustwide/cargo-home/registry/src/index.crates.io-6f17d22bba15001f/multiinput-0.0.14/src/keyboard.rs:10:41
[INFO] [stdout]    |
[INFO] [stdout] 10 | pub fn process_keyboard_data(raw_data: &RAWKEYBOARD, id: usize) -> Vec<RawEvent> {
[INFO] [stdout]    |                                         ^^^^^^^^^^^ not found in this scope
[INFO] [stdout] 
[INFO] [stdout] 
[INFO] [stdout] error[E0425]: cannot find value `RI_KEY_BREAK` in this scope
[INFO] [stdout]   --> /opt/rustwide/cargo-home/registry/src/index.crates.io-6f17d22bba15001f/multiinput-0.0.14/src/keyboard.rs:17:16
[INFO] [stdout]    |
[INFO] [stdout] 17 |     if flags & RI_KEY_BREAK != 0 {
[INFO] [stdout]    |                ^^^^^^^^^^^^ not found in this scope
[INFO] [stdout] 
[INFO] [stdout] 
[INFO] [stdout] error[E0425]: cannot find value `RI_KEY_E0` in this scope
[INFO] [stdout]   --> /opt/rustwide/cargo-home/registry/src/index.crates.io-6f17d22bba15001f/multiinput-0.0.14/src/keyboard.rs:23:16
[INFO] [stdout]    |
[INFO] [stdout] 23 |     if flags & RI_KEY_E0 == 0 {
[INFO] [stdout]    |                ^^^^^^^^^ not found in this scope
[INFO] [stdout] 
[INFO] [stdout] 
[INFO] [stdout] error[E0425]: cannot find value `VK_SHIFT` in this scope
[INFO] [stdout]   --> /opt/rustwide/cargo-home/registry/src/index.crates.io-6f17d22bba15001f/multiinput-0.0.14/src/keyboard.rs:29:15
[INFO] [stdout]    |
[INFO] [stdout] 29 |     if key == VK_SHIFT {
[INFO] [stdout]    |               ^^^^^^^^ not found in this scope
[INFO] [stdout] 
[INFO] [stdout] 
[INFO] [stdout] error[E0425]: cannot find value `VK_CONTROL` in this scope
[INFO] [stdout]   --> /opt/rustwide/cargo-home/registry/src/index.crates.io-6f17d22bba15001f/multiinput-0.0.14/src/keyboard.rs:32:15
[INFO] [stdout]    |
[INFO] [stdout] 32 |     if key == VK_CONTROL && key_pos == KeyPos::Left {
[INFO] [stdout]    |               ^^^^^^^^^^ not found in this scope
[INFO] [stdout] 
[INFO] [stdout] 
[INFO] [stdout] error[E0425]: cannot find value `VK_CONTROL` in this scope
[INFO] [stdout]   --> /opt/rustwide/cargo-home/registry/src/index.crates.io-6f17d22bba15001f/multiinput-0.0.14/src/keyboard.rs:35:15
[INFO] [stdout]    |
[INFO] [stdout] 35 |     if key == VK_CONTROL && key_pos == KeyPos::Right {
[INFO] [stdout]    |               ^^^^^^^^^^ not found in this scope
[INFO] [stdout] 
[INFO] [stdout] 
[INFO] [stdout] error[E0425]: cannot find value `VK_MENU` in this scope
[INFO] [stdout]   --> /opt/rustwide/cargo-home/registry/src/index.crates.io-6f17d22bba15001f/multiinput-0.0.14/src/keyboard.rs:38:15
[INFO] [stdout]    |
[INFO] [stdout] 38 |     if key == VK_MENU && key_pos == KeyPos::Left {
[INFO] [stdout]    |               ^^^^^^^ not found in this scope
[INFO] [stdout] 
[INFO] [stdout] 
[INFO] [stdout] error[E0425]: cannot find value `VK_MENU` in this scope
[INFO] [stdout]   --> /opt/rustwide/cargo-home/registry/src/index.crates.io-6f17d22bba15001f/multiinput-0.0.14/src/keyboard.rs:41:15
[INFO] [stdout]    |
[INFO] [stdout] 41 |     if key == VK_MENU && key_pos == KeyPos::Right {
[INFO] [stdout]    |               ^^^^^^^ not found in this scope
[INFO] [stdout] 
[INFO] [stdout] 
[INFO] [stdout] error[E0425]: cannot find value `VK_ESCAPE` in this scope
[INFO] [stdout]   --> /opt/rustwide/cargo-home/registry/src/index.crates.io-6f17d22bba15001f/multiinput-0.0.14/src/keyboard.rs:44:15
[INFO] [stdout]    |
[INFO] [stdout] 44 |     if key == VK_ESCAPE {
[INFO] [stdout]    |               ^^^^^^^^^ not found in this scope
[INFO] [stdout] 
[INFO] [stdout] 
[INFO] [stdout] error[E0425]: cannot find value `VK_RETURN` in this scope
[INFO] [stdout]   --> /opt/rustwide/cargo-home/registry/src/index.crates.io-6f17d22bba15001f/multiinput-0.0.14/src/keyboard.rs:47:15
[INFO] [stdout]    |
[INFO] [stdout] 47 |     if key == VK_RETURN {
[INFO] [stdout]    |               ^^^^^^^^^ not found in this scope
[INFO] [stdout] 
[INFO] [stdout] 
[INFO] [stdout] error[E0425]: cannot find value `VK_BACK` in this scope
[INFO] [stdout]   --> /opt/rustwide/cargo-home/registry/src/index.crates.io-6f17d22bba15001f/multiinput-0.0.14/src/keyboard.rs:50:15
[INFO] [stdout]    |
[INFO] [stdout] 50 |     if key == VK_BACK {
[INFO] [stdout]    |               ^^^^^^^ not found in this scope
[INFO] [stdout] 
[INFO] [stdout] 
[INFO] [stdout] error[E0425]: cannot find value `VK_LEFT` in this scope
[INFO] [stdout]   --> /opt/rustwide/cargo-home/registry/src/index.crates.io-6f17d22bba15001f/multiinput-0.0.14/src/keyboard.rs:53:15
[INFO] [stdout]    |
[INFO] [stdout] 53 |     if key == VK_LEFT {
[INFO] [stdout]    |               ^^^^^^^ not found in this scope
[INFO] [stdout] 
[INFO] [stdout] 
[INFO] [stdout] error[E0425]: cannot find value `VK_RIGHT` in this scope
[INFO] [stdout]   --> /opt/rustwide/cargo-home/registry/src/index.crates.io-6f17d22bba15001f/multiinput-0.0.14/src/keyboard.rs:56:15
[INFO] [stdout]    |
[INFO] [stdout] 56 |     if key == VK_RIGHT {
[INFO] [stdout]    |               ^^^^^^^^ not found in this scope
[INFO] [stdout] 
[INFO] [stdout] 
[INFO] [stdout] error[E0425]: cannot find value `VK_UP` in this scope
[INFO] [stdout]   --> /opt/rustwide/cargo-home/registry/src/index.crates.io-6f17d22bba15001f/multiinput-0.0.14/src/keyboard.rs:59:15
[INFO] [stdout]    |
[INFO] [stdout] 59 |     if key == VK_UP {
[INFO] [stdout]    |               ^^^^^ not found in this scope
[INFO] [stdout] 
[INFO] [stdout] 
[INFO] [stdout] error[E0425]: cannot find value `VK_DOWN` in this scope
[INFO] [stdout]   --> /opt/rustwide/cargo-home/registry/src/index.crates.io-6f17d22bba15001f/multiinput-0.0.14/src/keyboard.rs:62:15
[INFO] [stdout]    |
[INFO] [stdout] 62 |     if key == VK_DOWN {
[INFO] [stdout]    |               ^^^^^^^ not found in this scope
[INFO] [stdout] 
[INFO] [stdout] 
[INFO] [stdout] error[E0425]: cannot find value `VK_SPACE` in this scope
[INFO] [stdout]   --> /opt/rustwide/cargo-home/registry/src/index.crates.io-6f17d22bba15001f/multiinput-0.0.14/src/keyboard.rs:65:15
[INFO] [stdout]    |
[INFO] [stdout] 65 |     if key == VK_SPACE {
[INFO] [stdout]    |               ^^^^^^^^ not found in this scope
[INFO] [stdout] 
[INFO] [stdout] 
[INFO] [stdout] error[E0425]: cannot find value `VK_LCONTROL` in this scope
[INFO] [stdout]   --> /opt/rustwide/cargo-home/registry/src/index.crates.io-6f17d22bba15001f/multiinput-0.0.14/src/keyboard.rs:68:15
[INFO] [stdout]    |
[INFO] [stdout] 68 |     if key == VK_LCONTROL {
[INFO] [stdout]    |               ^^^^^^^^^^^ not found in this scope
[INFO] [stdout] 
[INFO] [stdout] 
[INFO] [stdout] error[E0425]: cannot find value `VK_RCONTROL` in this scope
[INFO] [stdout]   --> /opt/rustwide/cargo-home/registry/src/index.crates.io-6f17d22bba15001f/multiinput-0.0.14/src/keyboard.rs:71:15
[INFO] [stdout]    |
[INFO] [stdout] 71 |     if key == VK_RCONTROL {
[INFO] [stdout]    |               ^^^^^^^^^^^ not found in this scope
[INFO] [stdout] 
[INFO] [stdout] 
[INFO] [stdout] error[E0425]: cannot find value `VK_LMENU` in this scope
[INFO] [stdout]   --> /opt/rustwide/cargo-home/registry/src/index.crates.io-6f17d22bba15001f/multiinput-0.0.14/src/keyboard.rs:74:15
[INFO] [stdout]    |
[INFO] [stdout] 74 |     if key == VK_LMENU {
[INFO] [stdout]    |               ^^^^^^^^ not found in this scope
[INFO] [stdout] 
[INFO] [stdout] 
[INFO] [stdout] error[E0425]: cannot find value `VK_RMENU` in this scope
[INFO] [stdout]   --> /opt/rustwide/cargo-home/registry/src/index.crates.io-6f17d22bba15001f/multiinput-0.0.14/src/keyboard.rs:77:15
[INFO] [stdout]    |
[INFO] [stdout] 77 |     if key == VK_RMENU {
[INFO] [stdout]    |               ^^^^^^^^ not found in this scope
[INFO] [stdout] 
[INFO] [stdout] 
[INFO] [stdout] error[E0425]: cannot find value `VK_CAPITAL` in this scope
[INFO] [stdout]    --> /opt/rustwide/cargo-home/registry/src/index.crates.io-6f17d22bba15001f/multiinput-0.0.14/src/keyboard.rs:188:15
[INFO] [stdout]     |
[INFO] [stdout] 188 |     if key == VK_CAPITAL {
[INFO] [stdout]     |               ^^^^^^^^^^ not found in this scope
[INFO] [stdout] 
[INFO] [stdout] 
[INFO] [stdout] error[E0425]: cannot find value `VK_PAUSE` in this scope
[INFO] [stdout]    --> /opt/rustwide/cargo-home/registry/src/index.crates.io-6f17d22bba15001f/multiinput-0.0.14/src/keyboard.rs:191:15
[INFO] [stdout]     |
[INFO] [stdout] 191 |     if key == VK_PAUSE {
[INFO] [stdout]     |               ^^^^^^^^ not found in this scope
[INFO] [stdout] 
[INFO] [stdout] 
[INFO] [stdout] error[E0425]: cannot find value `VK_NEXT` in this scope
[INFO] [stdout]    --> /opt/rustwide/cargo-home/registry/src/index.crates.io-6f17d22bba15001f/multiinput-0.0.14/src/keyboard.rs:194:15
[INFO] [stdout]     |
[INFO] [stdout] 194 |     if key == VK_NEXT {
[INFO] [stdout]     |               ^^^^^^^ not found in this scope
[INFO] [stdout] 
[INFO] [stdout] 
[INFO] [stdout] error[E0425]: cannot find value `VK_PRIOR` in this scope
[INFO] [stdout]    --> /opt/rustwide/cargo-home/registry/src/index.crates.io-6f17d22bba15001f/multiinput-0.0.14/src/keyboard.rs:197:15
[INFO] [stdout]     |
[INFO] [stdout] 197 |     if key == VK_PRIOR {
[INFO] [stdout]     |               ^^^^^^^^ not found in this scope
[INFO] [stdout] 
[INFO] [stdout] 
[INFO] [stdout] error[E0425]: cannot find value `VK_SNAPSHOT` in this scope
[INFO] [stdout]    --> /opt/rustwide/cargo-home/registry/src/index.crates.io-6f17d22bba15001f/multiinput-0.0.14/src/keyboard.rs:200:15
[INFO] [stdout]     |
[INFO] [stdout] 200 |     if key == VK_SNAPSHOT {
[INFO] [stdout]     |               ^^^^^^^^^^^ not found in this scope
[INFO] [stdout] 
[INFO] [stdout] 
[INFO] [stdout] error[E0425]: cannot find value `VK_INSERT` in this scope
[INFO] [stdout]    --> /opt/rustwide/cargo-home/registry/src/index.crates.io-6f17d22bba15001f/multiinput-0.0.14/src/keyboard.rs:203:15
[INFO] [stdout]     |
[INFO] [stdout] 203 |     if key == VK_INSERT {
[INFO] [stdout]     |               ^^^^^^^^^ not found in this scope
[INFO] [stdout] 
[INFO] [stdout] 
[INFO] [stdout] error[E0425]: cannot find value `VK_END` in this scope
[INFO] [stdout]    --> /opt/rustwide/cargo-home/registry/src/index.crates.io-6f17d22bba15001f/multiinput-0.0.14/src/keyboard.rs:206:15
[INFO] [stdout]     |
[INFO] [stdout] 206 |     if key == VK_END {
[INFO] [stdout]     |               ^^^^^^ not found in this scope
[INFO] [stdout] 
[INFO] [stdout] 
[INFO] [stdout] error[E0425]: cannot find value `VK_HOME` in this scope
[INFO] [stdout]    --> /opt/rustwide/cargo-home/registry/src/index.crates.io-6f17d22bba15001f/multiinput-0.0.14/src/keyboard.rs:209:15
[INFO] [stdout]     |
[INFO] [stdout] 209 |     if key == VK_HOME {
[INFO] [stdout]     |               ^^^^^^^ not found in this scope
[INFO] [stdout] 
[INFO] [stdout] 
[INFO] [stdout] error[E0425]: cannot find value `VK_DELETE` in this scope
[INFO] [stdout]    --> /opt/rustwide/cargo-home/registry/src/index.crates.io-6f17d22bba15001f/multiinput-0.0.14/src/keyboard.rs:212:15
[INFO] [stdout]     |
[INFO] [stdout] 212 |     if key == VK_DELETE {
[INFO] [stdout]     |               ^^^^^^^^^ not found in this scope
[INFO] [stdout] 
[INFO] [stdout] 
[INFO] [stdout] error[E0425]: cannot find value `VK_ADD` in this scope
[INFO] [stdout]    --> /opt/rustwide/cargo-home/registry/src/index.crates.io-6f17d22bba15001f/multiinput-0.0.14/src/keyboard.rs:215:15
[INFO] [stdout]     |
[INFO] [stdout] 215 |     if key == VK_ADD {
[INFO] [stdout]     |               ^^^^^^ not found in this scope
[INFO] [stdout] 
[INFO] [stdout] 
[INFO] [stdout] error[E0425]: cannot find value `VK_SUBTRACT` in this scope
[INFO] [stdout]    --> /opt/rustwide/cargo-home/registry/src/index.crates.io-6f17d22bba15001f/multiinput-0.0.14/src/keyboard.rs:218:15
[INFO] [stdout]     |
[INFO] [stdout] 218 |     if key == VK_SUBTRACT {
[INFO] [stdout]     |               ^^^^^^^^^^^ not found in this scope
[INFO] [stdout] 
[INFO] [stdout] 
[INFO] [stdout] error[E0425]: cannot find value `VK_MULTIPLY` in this scope
[INFO] [stdout]    --> /opt/rustwide/cargo-home/registry/src/index.crates.io-6f17d22bba15001f/multiinput-0.0.14/src/keyboard.rs:221:15
[INFO] [stdout]     |
[INFO] [stdout] 221 |     if key == VK_MULTIPLY {
[INFO] [stdout]     |               ^^^^^^^^^^^ not found in this scope
[INFO] [stdout] 
[INFO] [stdout] 
[INFO] [stdout] error[E0425]: cannot find value `VK_DIVIDE` in this scope
[INFO] [stdout]    --> /opt/rustwide/cargo-home/registry/src/index.crates.io-6f17d22bba15001f/multiinput-0.0.14/src/keyboard.rs:224:15
[INFO] [stdout]     |
[INFO] [stdout] 224 |     if key == VK_DIVIDE {
[INFO] [stdout]     |               ^^^^^^^^^ not found in this scope
[INFO] [stdout] 
[INFO] [stdout] 
[INFO] [stdout] error[E0425]: cannot find value `VK_SEPARATOR` in this scope
[INFO] [stdout]    --> /opt/rustwide/cargo-home/registry/src/index.crates.io-6f17d22bba15001f/multiinput-0.0.14/src/keyboard.rs:227:15
[INFO] [stdout]     |
[INFO] [stdout] 227 |     if key == VK_SEPARATOR {
[INFO] [stdout]     |               ^^^^^^^^^^^^ not found in this scope
[INFO] [stdout] 
[INFO] [stdout] 
[INFO] [stdout] error[E0425]: cannot find value `VK_DECIMAL` in this scope
[INFO] [stdout]    --> /opt/rustwide/cargo-home/registry/src/index.crates.io-6f17d22bba15001f/multiinput-0.0.14/src/keyboard.rs:230:15
[INFO] [stdout]     |
[INFO] [stdout] 230 |     if key == VK_DECIMAL {
[INFO] [stdout]     |               ^^^^^^^^^^ not found in this scope
[INFO] [stdout] 
[INFO] [stdout] 
[INFO] [stdout] error[E0425]: cannot find value `VK_F1` in this scope
[INFO] [stdout]    --> /opt/rustwide/cargo-home/registry/src/index.crates.io-6f17d22bba15001f/multiinput-0.0.14/src/keyboard.rs:233:15
[INFO] [stdout]     |
[INFO] [stdout] 233 |     if key == VK_F1 {
[INFO] [stdout]     |               ^^^^^ not found in this scope
[INFO] [stdout] 
[INFO] [stdout] 
[INFO] [stdout] error[E0425]: cannot find value `VK_F2` in this scope
[INFO] [stdout]    --> /opt/rustwide/cargo-home/registry/src/index.crates.io-6f17d22bba15001f/multiinput-0.0.14/src/keyboard.rs:236:15
[INFO] [stdout]     |
[INFO] [stdout] 236 |     if key == VK_F2 {
[INFO] [stdout]     |               ^^^^^ not found in this scope
[INFO] [stdout] 
[INFO] [stdout] 
[INFO] [stdout] error[E0425]: cannot find value `VK_F3` in this scope
[INFO] [stdout]    --> /opt/rustwide/cargo-home/registry/src/index.crates.io-6f17d22bba15001f/multiinput-0.0.14/src/keyboard.rs:239:15
[INFO] [stdout]     |
[INFO] [stdout] 239 |     if key == VK_F3 {
[INFO] [stdout]     |               ^^^^^ not found in this scope
[INFO] [stdout] 
[INFO] [stdout] 
[INFO] [stdout] error[E0425]: cannot find value `VK_F4` in this scope
[INFO] [stdout]    --> /opt/rustwide/cargo-home/registry/src/index.crates.io-6f17d22bba15001f/multiinput-0.0.14/src/keyboard.rs:242:15
[INFO] [stdout]     |
[INFO] [stdout] 242 |     if key == VK_F4 {
[INFO] [stdout]     |               ^^^^^ not found in this scope
[INFO] [stdout] 
[INFO] [stdout] 
[INFO] [stdout] error[E0425]: cannot find value `VK_F5` in this scope
[INFO] [stdout]    --> /opt/rustwide/cargo-home/registry/src/index.crates.io-6f17d22bba15001f/multiinput-0.0.14/src/keyboard.rs:245:15
[INFO] [stdout]     |
[INFO] [stdout] 245 |     if key == VK_F5 {
[INFO] [stdout]     |               ^^^^^ not found in this scope
[INFO] [stdout] 
[INFO] [stdout] 
[INFO] [stdout] error[E0425]: cannot find value `VK_F6` in this scope
[INFO] [stdout]    --> /opt/rustwide/cargo-home/registry/src/index.crates.io-6f17d22bba15001f/multiinput-0.0.14/src/keyboard.rs:248:15
[INFO] [stdout]     |
[INFO] [stdout] 248 |     if key == VK_F6 {
[INFO] [stdout]     |               ^^^^^ not found in this scope
[INFO] [stdout] 
[INFO] [stdout] 
[INFO] [stdout] error[E0425]: cannot find value `VK_F7` in this scope
[INFO] [stdout]    --> /opt/rustwide/cargo-home/registry/src/index.crates.io-6f17d22bba15001f/multiinput-0.0.14/src/keyboard.rs:251:15
[INFO] [stdout]     |
[INFO] [stdout] 251 |     if key == VK_F7 {
[INFO] [stdout]     |               ^^^^^ not found in this scope
[INFO] [stdout] 
[INFO] [stdout] 
[INFO] [stdout] error[E0425]: cannot find value `VK_F8` in this scope
[INFO] [stdout]    --> /opt/rustwide/cargo-home/registry/src/index.crates.io-6f17d22bba15001f/multiinput-0.0.14/src/keyboard.rs:254:15
[INFO] [stdout]     |
[INFO] [stdout] 254 |     if key == VK_F8 {
[INFO] [stdout]     |               ^^^^^ not found in this scope
[INFO] [stdout] 
[INFO] [stdout] 
[INFO] [stdout] error[E0425]: cannot find value `VK_F9` in this scope
[INFO] [stdout]    --> /opt/rustwide/cargo-home/registry/src/index.crates.io-6f17d22bba15001f/multiinput-0.0.14/src/keyboard.rs:257:15
[INFO] [stdout]     |
[INFO] [stdout] 257 |     if key == VK_F9 {
[INFO] [stdout]     |               ^^^^^ not found in this scope
[INFO] [stdout] 
[INFO] [stdout] 
[INFO] [stdout] error[E0425]: cannot find value `VK_F10` in this scope
[INFO] [stdout]    --> /opt/rustwide/cargo-home/registry/src/index.crates.io-6f17d22bba15001f/multiinput-0.0.14/src/keyboard.rs:260:15
[INFO] [stdout]     |
[INFO] [stdout] 260 |     if key == VK_F10 {
[INFO] [stdout]     |               ^^^^^^ not found in this scope
[INFO] [stdout] 
[INFO] [stdout] 
[INFO] [stdout] error[E0425]: cannot find value `VK_F11` in this scope
[INFO] [stdout]    --> /opt/rustwide/cargo-home/registry/src/index.crates.io-6f17d22bba15001f/multiinput-0.0.14/src/keyboard.rs:263:15
[INFO] [stdout]     |
[INFO] [stdout] 263 |     if key == VK_F11 {
[INFO] [stdout]     |               ^^^^^^ not found in this scope
[INFO] [stdout] 
[INFO] [stdout] 
[INFO] [stdout] error[E0425]: cannot find value `VK_F12` in this scope
[INFO] [stdout]    --> /opt/rustwide/cargo-home/registry/src/index.crates.io-6f17d22bba15001f/multiinput-0.0.14/src/keyboard.rs:266:15
[INFO] [stdout]     |
[INFO] [stdout] 266 |     if key == VK_F12 {
[INFO] [stdout]     |               ^^^^^^ not found in this scope
[INFO] [stdout] 
[INFO] [stdout] 
[INFO] [stdout] error[E0425]: cannot find value `VK_OEM_8` in this scope
[INFO] [stdout]    --> /opt/rustwide/cargo-home/registry/src/index.crates.io-6f17d22bba15001f/multiinput-0.0.14/src/keyboard.rs:269:15
[INFO] [stdout]     |
[INFO] [stdout] 269 |     if key == VK_OEM_8 {
[INFO] [stdout]     |               ^^^^^^^^ not found in this scope
[INFO] [stdout] 
[INFO] [stdout] 
[INFO] [stdout] error[E0599]: no function or associated item named `from_wide` found for struct `OsString` in the current scope
[INFO] [stdout]    --> /opt/rustwide/cargo-home/registry/src/index.crates.io-6f17d22bba15001f/multiinput-0.0.14/src/rawinput.rs:195:21
[INFO] [stdout]     |
[INFO] [stdout] 195 |     match OsString::from_wide(name_slice).into_string(){
[INFO] [stdout]     |                     ^^^^^^^^^ function or associated item not found in `OsString`
[INFO] [stdout] 
[INFO] [stdout] 
[INFO] [stdout] error[E0599]: no method named `encode_wide` found for reference `&OsStr` in the current scope
[INFO] [stdout]    --> /opt/rustwide/cargo-home/registry/src/index.crates.io-6f17d22bba15001f/multiinput-0.0.14/src/rawinput.rs:203:33
[INFO] [stdout]     |
[INFO] [stdout] 203 |     let mut classname = os_name.encode_wide().chain(Some(0).into_iter())
[INFO] [stdout]     |                                 ^^^^^^^^^^^ method not found in `&OsStr`
[INFO] [stdout] 
[INFO] [stdout] 
[INFO] [stdout] error[E0599]: no function or associated item named `from_wide` found for struct `OsString` in the current scope
[INFO] [stdout]    --> /opt/rustwide/cargo-home/registry/src/index.crates.io-6f17d22bba15001f/multiinput-0.0.14/src/rawinput.rs:322:25
[INFO] [stdout]     |
[INFO] [stdout] 322 |         match OsString::from_wide(&string_buffer[0..128]).into_string() {
[INFO] [stdout]     |                         ^^^^^^^^^ function or associated item not found in `OsString`
[INFO] [stdout] 
[INFO] [stdout] 
[INFO] [stdout] error[E0599]: no method named `encode_wide` found for reference `&OsStr` in the current scope
[INFO] [stdout]    --> /opt/rustwide/cargo-home/registry/src/index.crates.io-6f17d22bba15001f/multiinput-0.0.14/src/manager.rs:158:40
[INFO] [stdout]     |
[INFO] [stdout] 158 |             OsStr::new(&classname_str).encode_wide().chain(Some(0).into_iter())
[INFO] [stdout]     |                                        ^^^^^^^^^^^ method not found in `&OsStr`
[INFO] [stdout] 
[INFO] [stdout] 
[INFO] [stdout] error: aborting due to 56 previous errors
[INFO] [stdout] 
[INFO] [stdout] 
[INFO] [stdout] Some errors have detailed explanations: E0412, E0425, E0433, E0463, E0599.
[INFO] [stdout] 
[INFO] [stdout] For more information about an error, try `rustc --explain E0412`.
[INFO] [stdout] 
[INFO] [stderr] error: could not compile `multiinput` (lib) due to 57 previous errors
[INFO] [stderr] warning: build failed, waiting for other jobs to finish...
[INFO] [stdout] error[E0423]: expected function, tuple struct or tuple variant, found struct `ast::Name`
[INFO] [stdout]    --> /opt/rustwide/cargo-home/registry/src/index.crates.io-6f17d22bba15001f/syntex_syntax-0.54.0/src/symbol.rs:146:27
[INFO] [stdout]     |
[INFO] [stdout] 146 |                       name: ast::Name($index),
[INFO] [stdout]     |                             ^^^^^^^^^
[INFO] [stdout] ...
[INFO] [stdout] 165 | / declare_keywords! {
[INFO] [stdout] 166 | |     // Invalid identifier
[INFO] [stdout] 167 | |     (0,  Invalid,        "")
[INFO] [stdout] 168 | |
[INFO] [stdout] ...   |
[INFO] [stdout] 231 | |     (56, CrateRoot, "{{root}}")
[INFO] [stdout] 232 | | }
[INFO] [stdout]     | |_- in this macro invocation
[INFO] [stdout]     |
[INFO] [stdout]     = note: this error originates in the macro `declare_keywords` (in Nightly builds, run with -Z macro-backtrace for more info)
[INFO] [stdout] 
[INFO] [stdout] 
[INFO] [stdout] error: aborting due to previous error
[INFO] [stdout] 
[INFO] [stdout] 
[INFO] [stdout] For more information about this error, try `rustc --explain E0423`.
[INFO] [stdout] 
[INFO] [stderr] error: could not compile `syntex_syntax` (lib) due to 2 previous errors
[INFO] running `Command { std: "docker" "inspect" "2c626a9171699dbf08fd73dea81ba770b6ae5ddcb45ec34d8c9711e9ba5a058d", kill_on_drop: false }`
[INFO] running `Command { std: "docker" "rm" "-f" "2c626a9171699dbf08fd73dea81ba770b6ae5ddcb45ec34d8c9711e9ba5a058d", kill_on_drop: false }`
[INFO] [stdout] 2c626a9171699dbf08fd73dea81ba770b6ae5ddcb45ec34d8c9711e9ba5a058d
